 + 73. Calculate the highest common divisor of 221 and r.
17
Let v be ((-2688)/(-9))/(-8)*1*-3. Let o = 21 + -7. What is the highest common factor of v and o?
14
Suppose -m - 220 = -3*m. What is the greatest common divisor of 20 and m?
10
Suppose -32 = n - 5*n. Let w be (2/16*-22)/((-2)/n). What is the highest common divisor of 110 and w?
11
Let w = 454 - 432. Calculate the greatest common factor of 8 and w.
2
Suppose -5*u = -3*r - 149, u + 2*r - 19 = 3. Let g = 49 + -76. Let v = g + u. What is the highest common factor of v and 3?
1
Let a(k) = 9*k**2 + 9*k + 26. Let w be a(-6). What is the highest common factor of w and 8?
8
Suppose -37*p + 2000 = -29*p. Calculate the greatest common divisor of p and 30.
10
Suppose 23*d = 18*d + 75. Suppose 23*b - 1520 = d*b. Calculate the greatest common divisor of 10 and b.
10
Suppose -605*x - 8856 = -614*x. What is the greatest common divisor of 24 and x?
24
Suppose -4*w - 3*n + 144 = 0, -3*w + 0*w + n = -95. Calculate the highest common divisor of w and 187.
11
Let p(w) = -w**3 - 35*w**2 + 59*w + 124. Let i be p(-38). Calculate the greatest common factor of i and 41.
41
Let x(t) = -t + 16. Let g be x(0). Let f(r) = 3*r - 2. Let d be f(1). Let p be d/5 - 3195/(-25). Calculate the highest common divisor of p and g.
16
Let i(m) = -13*m - 32. Let v be i(-3). Calculate the greatest common factor of v and 497.
7
Let l(v) = 5*v**2 - 6*v - 21. Let b be l(-3). Calculate the greatest common factor of b and 224.
14
Let m = 796 + -556. Let i be -5*8/m - (-110)/12. Calculate the highest common divisor of 63 and i.
9
Let p = 8 + -8. Let f be (0 + 134 - -1) + p. What is the greatest common factor of 15 and f?
15
Let x(m) = 81*m**2 + 4*m - 1. Let t be x(-1). What is the greatest common factor of t and 19?
19
Suppose -5*w - 31 = -3*o, 5*o - 6 = -21. Let r be 75/(-20) - (-2)/w. Let z(t) = t**2 + t + 1. Let y be z(r). Calculate the highest common factor of 39 and y.
13
Let u = -1213 - -1237. What is the highest common factor of u and 1416?
24
Suppose 1 = 4*m - 3*f, 2*m + 4*f - 2 - 4 = 0. Suppose -m = -a + 3. Suppose -a*k + 0*k + 380 = 0. Calculate the greatest common divisor of 38 and k.
19
Suppose 0*c - 14 = 3*c - 2*r, 20 = -3*c - r. Let k be c*4/(-12) - -115. Calculate the greatest common factor of k and 13.
13
Let w = -4 + -2. Let h(s) = -20*s - 8. Let b be h(w). Let j be 224/(-70)*1*-5. What is the greatest common factor of b and j?
16
Let p = 7 + -9. Let u be 0/((-3)/(3/p)). Suppose u = y - 2*y + 9. What is the greatest common divisor of 27 and y?
9
Let p(v) = v**2 - 19*v + 335. Let c be p(21). Calculate the highest common divisor of c and 58.
29
Suppose 15*x + 20*x - 13 = 757. Suppose 3*o - 15 = 0, -2*n + 205 + 181 = -2*o. Calculate the highest common divisor of n and x.
22
Suppose 5*v - 48 = 17. Suppose -189 + 579 = 15*b. What is the highest common divisor of v and b?
13
Suppose 6*v - 3*v - 165 = 0. Let n = v + -19. What is the greatest common factor of n and 24?
12
Let o(j) = j**3 + 10*j**2 - 32*j - 1. Let w be o(-12). What is the highest common divisor of w and 35?
5
Suppose 2*f = -0*f + 5*v + 8, 0 = -5*f - v + 20. Suppose -6*t + f*t = -220. What is the greatest common factor of 22 and t?
22
Let z = 847 + -835. Let x be (12/(-10))/(2/(-220)). What is the highest common factor of z and x?
12
Let v = 210 - 211. Let r be (-5 - -10) + (v - 4/(-2)). Suppose 2*y = 27 + 81. What is the highest common factor of r and y?
6
Let g be -2 + 1 + 4 + -3. Suppose g = 4*m + t - 54, -2*m + 5*t - 9*t = -34. What is the greatest common divisor of 247 and m?
13
Suppose 271*u - 268*u = 456. What is the greatest common factor of u and 152?
152
Let a be -3 + 6 - (-2 + 0). Let p be 0*(2 + -1) + a. Let v be p - (2 - (4 + -6)). Calculate the highest common factor of 11 and v.
1
Let s be (-1143)/(-11) - ((-3546)/(-198) - 18). What is the highest common divisor of s and 286?
26
Let u be (-1 + 15/3)*28. Let z be (-2)/6 - 49/(-3). Calculate the greatest common divisor of z and u.
16
Suppose 24*l = 49*l - 275. Let a be (-1956)/(-14) - 6/(-21). Let g = a - 30. Calculate the greatest common divisor of g and l.
11
Let g = 10 - 5. Suppose q - 2 = -z, 7 = g*z + 4*q + 2. Let s be (-164)/(-8) + z/(-6). What is the highest common factor of 3 and s?
3
Let m = 20 - 20. Suppose m*j = j + 4*c - 22, 8 = -4*c. What is the greatest common divisor of j and 6?
6
Let w = 1020 - 942. What is the greatest common factor of w and 858?
78
Suppose -4*a - 2*t = -110, -5*a + t = 5*t - 130. Let g = -257 - -302. What is the highest common divisor of a and g?
15
Let d(g) = -g + 6. Let b be d(4). Suppose 0 = 3*t + t - b*q - 132, 172 = 5*t + q. What is the greatest common divisor of 51 and t?
17
Suppose -3*q + 5 = 4*s, -6 + 1 = 3*s + 4*q. Let j(i) = i**3 - 10*i + 12. Let w be j(s). What is the greatest common divisor of w and 29?
29
Suppose 3*s - 2*s = 4. Suppose -s*b + 53 = -15. What is the highest common divisor of b and 119?
17
Suppose -8 = -3*v + 10. Let l(g) = -g - 1. Let q be l(5). Let w be v + q/(-3) - 2. Calculate the highest common divisor of 9 and w.
3
Suppose -65 - 106 = 3*q. Let a = q + 68. Suppose -8*o + 3*o = -55. Calculate the greatest common divisor of o and a.
11
Let w = 116 + 19. What is the greatest common factor of 54 and w?
27
Let d = 26 + 165. Suppose 0 = -3*k + 664 + d. Calculate the greatest common factor of k and 15.
15
Suppose -11016*w + 11011*w = -3120. Calculate the highest common divisor of 39 and w.
39
Let l be ((-9)/(-3) - 0/(-3))*-3. Let s(y) = 3*y**2 + 17*y + 6. Let v be s(l). Calculate the greatest common divisor of v and 12.
12
Suppose -8*f = 13*f - 1533. Suppose 0 = -2*w + f - 37. What is the highest common divisor of 45 and w?
9
Let a(c) = 3*c**2 + 15*c + 27. Let f be a(-6). Let l = -1 + 6. Calculate the greatest common divisor of f and l.
5
Let c(b) be the third derivative of 15*b**4/8 - b**3/6 - 41*b**2. Let t be c(5). What is the greatest common factor of t and 14?
14
Let f(w) = 8*w - 6*w**2 + w**3 - 27 + 53 - 26. Let t be f(7). Calculate the highest common divisor of t and 21.
21
Suppose -5 + 13 = 4*y. Suppose -y*f + 2*s = -82, 2*s - 94 = -5*f + 104. Calculate the highest common divisor of f and 16.
8
Let y(d) = 2*d**2 - 9*d + 37. Let s be y(4). Calculate the highest common factor of s and 22.
11
Let z(g) = g**3 + 29*g**2 - 4*g - 58. Let p be z(-29). Calculate the greatest common divisor of 203 and p.
29
Suppose -2*u - 18 = -10. Let f be (3 - 1)*7/2. Let c = f + u. What is the greatest common factor of 3 and c?
3
Let n = 25 - 145. Let d be ((-12)/10)/(18/n). What is the highest common divisor of d and 56?
8
Suppose -2*n + 7*n = -5*l + 340, 4*l = 5*n - 358. Suppose 0*b - 5*b = -10. Suppose 9 = b*g - 11. What is the highest common divisor of n and g?
10
Suppose y + 3*y - 5*m = -128, y - 2*m = -32. Let t = 21 + y. Let u = 66 + t. What is the highest common factor of u and 5?
5
Let a be 81/4 + -5*(-6)/(-120). Suppose -3*o = 2*c - 186, 5*c + 0*o - 5*o = 440. Calculate the greatest common factor of a and c.
10
Suppose 0 = -35*p + 48*p - 1456. What is the highest common divisor of 280 and p?
56
Let o(l) = -l + 23. Let i be o(-10). Let f be (-1 - (-7 - -4)) + 1. What is the highest common factor of i and f?
3
Let v(w) = 3 + 3 - w - 2*w. Let c be v(-7). Let a be -32 - -34 - ((-1)/(-1) - 2). Calculate the highest common factor of c and a.
3
Suppose -b = 4*l - 393, 2*l = -0*l - 5*b + 183. Let d be ((1 - 5) + -8)/((-6)/4). Let g = d - -3. What is the highest common factor of g and l?
11
Let y = -189 - -276. Calculate the greatest common divisor of 464 and y.
29
Let c = 1790 - 1400. Calculate the highest common divisor of 150 and c.
30
Suppose -1 - 4 = y, 128 = b - 4*y. Let u(r) = r**2 - 2*r + 36. Let k be u(0). What is the highest common divisor of b and k?
36
Let y(j) = -j**2 + j - 1. Let u(a) = -9*a**2 + 11*a - 10. Let t(m) = -u(m) + 4*y(m). Let v be t(1). Calculate the greatest common divisor of 44 and v.
4
Suppose -75*x = -73*x - 460. Calculate the highest common divisor of x and 207.
23
Suppose -3*w + 27 = 3*f, 3*w + 2*f - f = 33. Let o be 9/12 + (-9)/w - -8. Calculate the greatest common divisor of 12 and o.
4
Let a = -88 - -124. Suppose 0 = -3*l + l + a. What is the highest common factor of l and 9?
9
Suppose 0 = -3*p - 34 + 70. Let w =